 11?
1
What is the highest common factor of 2310 and 616?
154
Calculate the greatest common divisor of 4984 and 140.
28
Calculate the highest common factor of 21 and 60.
3
What is the highest common divisor of 3927 and 51?
51
Calculate the highest common divisor of 312 and 15392.
104
What is the greatest common divisor of 5508 and 45?
9
What is the greatest common divisor of 113725 and 25?
25
What is the greatest common factor of 75 and 240?
15
What is the highest common factor of 2 and 1?
1
What is the highest common factor of 1392 and 12?
12
Calculate the greatest common factor of 34580 and 182.
182
What is the highest common divisor of 2444 and 4?
4
What is the highest common factor of 41 and 32677?
41
Calculate the greatest common divisor of 528 and 336.
48
Calculate the greatest common factor of 357 and 105.
21
Calculate the greatest common divisor of 434 and 186.
62
What is the greatest common factor of 14 and 2282?
14
Calculate the highest common factor of 2280 and 38.
38
What is the highest common factor of 3799 and 58?
29
What is the highest common factor of 289 and 153?
17
Calculate the greatest common factor of 74 and 111.
37
Calculate the greatest common factor of 91 and 9737.
91
Calculate the highest common divisor of 169 and 143.
13
What is the highest common divisor of 50 and 650?
50
Calculate the highest common divisor of 62 and 806.
62
Calculate the highest common factor of 68 and 1377.
17
What is the highest common divisor of 20720 and 40?
40
What is the greatest common divisor of 5684 and 196?
196
Calculate the highest common factor of 7987 and 163.
163
Calculate the highest common factor of 203 and 29.
29
What is the highest common factor of 7491 and 33?
33
Calculate the greatest common factor of 2620 and 4454.
262
Calculate the highest common factor of 260 and 580.
20
Calculate the highest common factor of 13468 and 78.
26
Calculate the highest common factor of 228 and 57.
57
Calculate the greatest common factor of 1150 and 138.
46
Calculate the highest common divisor of 44 and 374.
22
Calculate the greatest common divisor of 320 and 6560.
160
What is the highest common divisor of 2044 and 252?
28
Calculate the greatest common factor of 8 and 248.
8
Calculate the greatest common factor of 16 and 12008.
8
What is the greatest common divisor of 8036 and 98?
98
What is the greatest common factor of 19852 and 84?
28
What is the greatest common divisor of 530 and 14893?
53
What is the highest common factor of 46 and 368?
46
What is the highest common factor of 552 and 56?
8
What is the greatest common factor of 184 and 1886?
46
What is the highest common factor of 18 and 78?
6
Calculate the greatest common factor of 702 and 546.
78
Calculate the highest common factor of 1952 and 366.
122
What is the greatest common factor of 18 and 18?
18
What is the greatest common divisor of 3 and 5?
1
Calculate the highest common divisor of 69 and 575.
23
What is the greatest common factor of 105 and 30?
15
Calculate the greatest common divisor of 10 and 1490.
10
What is the highest common factor of 144 and 624?
48
What is the highest common factor of 24 and 128?
8
What is the highest common divisor of 65 and 26?
13
What is the highest common factor of 889 and 7?
7
What is the highest common divisor of 96 and 264?
24
What is the highest common factor of 16 and 4?
4
What is the greatest common divisor of 376 and 1786?
94
What is the greatest common factor of 216 and 270?
54
Calculate the highest common divisor of 369 and 36.
9
Calculate the highest common divisor of 846 and 94.
94
Calculate the greatest common factor of 168 and 11928.
168
Calculate the highest common factor of 20010 and 30.
30
Calculate the highest common divisor of 90 and 930.
30
What is the highest common divisor of 51 and 6732?
51
What is the greatest common factor of 174 and 232?
58
What is the highest common factor of 7 and 1834?
7
Calculate the greatest common factor of 204 and 272.
68
Calculate the greatest common factor of 48 and 7608.
24
What is the greatest common factor of 533 and 41?
41
What is the greatest common factor of 32 and 41616?
16
What is the highest common factor of 989 and 43?
43
Calculate the highest common divisor of 15 and 335.
5
Calculate the greatest common divisor of 1000 and 8.
8
Calculate the highest common divisor of 1276 and 232.
116
Calculate the highest common factor of 105 and 63.
21
Calculate the greatest common factor of 25 and 875.
25
Calculate the greatest common divisor of 552 and 4623.
69
What is the greatest common divisor of 116 and 12?
4
What is the greatest common divisor of 34 and 5015?
17
Calculate the greatest common divisor of 45 and 75.
15
Calculate the greatest common factor of 5809 and 942.
157
What is the highest common factor of 76 and 1026?
38
Calculate the highest common factor of 2 and 109.
1
Calculate the greatest common factor of 306 and 170.
34
Calculate the highest common factor of 41 and 533.
41
Calculate the highest common divisor of 53 and 901.
53
Calculate the highest common divisor of 264 and 408.
24
What is the greatest common divisor of 781 and 275?
11
What is the greatest common factor of 949 and 26?
13
What is the highest common factor of 1 and 4?
1
What is the greatest common factor of 145 and 2929?
29
Calculate the highest common factor of 368 and 16.
16
What is the greatest common divisor of 26715 and 195?
195
What is the greatest common divisor of 7 and 497?
7
Calculate the highest common factor of 18 and 14538.
6
What is the greatest common divisor of 132 and 594?
66
What is the greatest common divisor of 4838 and 410?
82
What is the highest common factor of 414 and 506?
46
What is the highest common factor of 848 and 53?
53
Calculate the highest common factor of 1288 and 56.
56
What is the highest common divisor of 5394 and 558?
186
Calculate the highest common factor of 481 and 39.
13
Calculate the highest common factor of 29645 and 735.
245
Calculate the highest common divisor of 132 and 17292.
132
What is the greatest common divisor of 32 and 400?
16
Calculate the highest common divisor of 196 and 2450.
98
What is the greatest common divisor of 368 and 244?
4
What is the highest common divisor of 5332 and 1240?
124
Calculate the greatest common factor of 9 and 981.
9
What is the highest common divisor of 18 and 4626?
18
Calculate the highest common divisor of 3108 and 105.
21
Calculate the greatest common divisor of 47 and 1.
1
What is the highest common divisor of 160 and 140?
20
What is the greatest common divisor of 713 and 299?
23
Calculate the highest common divisor of 1750 and 25.
25
What is the highest common factor of 1368 and 576?
72
What is the greatest common divisor of 535 and 321?
107
Calculate the greatest common factor of 539 and 77.
77
What is the highest common factor of 10 and 2710?
10
What is the greatest common factor of 969 and 17?
17
Calculate the highest common divisor of 915 and 1525.
305
What is the greatest common divisor of 432 and 1836?
108
Calculate the highest common factor of 14824 and 170.
34
Calculate the greatest common divisor of 31 and 62.
31
What is the greatest common divisor of 1 and 452?
1
Calculate the highest common divisor of 46 and 46.
46
Calculate the highest common factor of 5 and 2510.
5
Calculate the highest common divisor of 142 and 18.
2
Calculate the highest common divisor of 22 and 671.
11
Calculate the highest common divisor of 76 and 380.
76
Calculate the greatest common divisor of 17 and 5933.
17
Calculate the greatest common factor of 426 and 994.
142
What is the highest common divisor of 51 and 6?
3
What is the highest common factor of 14 and 6587?
7
Calculate the highest common divisor of 1125 and 45.
45
Calculate the highest common divisor of 6 and 15.
3
Calculate the highest common divisor of 114 and 2432.
38
What is the greatest common divisor of 56 and 434?
14
What is the greatest common divisor of 3402 and 36?
18
What is the greatest common factor of 4082 and 26?
26
Calculate the highest common factor of 60 and 90.
30
Calculate the highest common divisor of 660 and 825.
165
What is the highest common divisor of 90 and 18?
18
Calculate the highest common divisor of 4356 and 33.
33
What is the highest common factor of 124 and 17236